p + 64. Calculate the remainder when p is divided by b.
13
Let i = 11 - 1. Let f(l) = 17*l**3 + 2*l**2 - 2*l + 1. Let y(p) = -p + 5. Let w be y(4). Calculate the remainder when f(w) is divided by i.
8
Let o = 3 + 7. Let f(x) be the third derivative of -x**6/120 + x**5/6 + x**4/12 - x**3 - x**2. What is the remainder when 27 is divided by f(o)?
13
Suppose -27 + 5 = -2*o. What is the remainder when 41 is divided by o?
8
Let w = 21 - 9. Let q = 97 + -64. Calculate the remainder when q is divided by w.
9
Let u = 198 - 105. What is the remainder when u/(-2)*2/(-3) is divided by 11?
9
Let f = -40 - -57. What is the remainder when 49 is divided by f?
15
Suppose -5 = -i + 4*h, -3*i + 13 + 11 = -3*h. Let j = 17 - i. What is the remainder when ((-18)/j)/(3/(-24)) is divided by 5?
3
Let r = 14 + 1. What is the remainder when 57 is divided by r?
12
Let g(z) = 5*z**3 - z**2 + 1. What is the remainder when 14 is divided by g(1)?
4
Suppose 20 = -4*l - 0*l. Let s(b) = b**3 + 4*b**2 - 7*b + 2. Calculate the remainder when 0 + 0 + (-2 - -37) is divided by s(l).
11
Suppose -4*w + 5*w - 95 = 0. Suppose k + 91 = 115. What is the remainder when w is divided by k?
23
Let n(i) = -i**3 - 5*i**2 + 3*i - 8. Calculate the remainder when n(-6) is divided by 3.
1
Suppose 5*f - 44 = f. Calculate the remainder when f is divided by 3.
2
Suppose -4*i - 51 = -3*g - i, g - 4*i - 29 = 0. What is the remainder when 50 is divided by g?
11
Let l be (6 + -7)*1*-17. Let w = 80 - l. Calculate the remainder when w is divided by 22.
19
Let i(r) = -1 + 0*r + 3 + 2*r - 3*r**2. Let o be i(2). What is the remainder when 29 is divided by 8 - o/(3/1)?
9
Suppose -2*b = -3*b + 49. Suppose -32 = -4*j + 20. Calculate the remainder when b is divided by j.
10
Suppose s - 8 = -5*o, -2*s - 4*o + 16 = -30. What is the remainder when 59 is divided by s?
26
Let o(w) = -4*w + 0*w - 3*w + 1. Calculate the remainder when 13 is divided by o(-1).
5
Let n = -51 + 28. Let p = n + 38. Suppose -2*z = -6*z + 176. What is the remainder when z is divided by p?
14
Let t(y) = 3*y**2 - 1. Suppose -7*i + 9*i = 2. Calculate the remainder when t(i) is divided by 2.
0
Let k(l) = -2*l**2 - 13*l + 8. Suppose 4 = 3*j + j. What is the remainder when k(-6) is divided by 3/(j - (-10)/(-16))?
6
Let t(s) = -3*s + 4. Let u = 5 + -8. What is the remainder when 25 is divided by t(u)?
12
Suppose 9 = 2*a + 49. Let t = -12 - a. Calculate the remainder when 30 is divided by t.
6
Let f(b) = -2*b + 1. Let q(u) = u. Let v(j) = -2*f(j) - 10*q(j). Calculate the remainder when 28 is divided by v(-2).
8
Let j(w) = -4*w**2 + w**2 + 10*w + 4*w**2 + w + 6. What is the remainder when j(-11) is divided by 2?
0
Suppose 75 = -4*k + 9*k. Calculate the remainder when 27 is divided by k.
12
Let a be (-10)/((-15)/(-6) + -2). Let p = 57 + a. Calculate the remainder when p is divided by 13.
11
Let y = 52 + -12. Suppose 4*p + p = 2*o - y, -2*p = 4. Suppose 0 = 4*x + 2*s - 110, 0*x = 4*x - 2*s - 114. What is the remainder when x is divided by o?
13
Suppose 4*u - 12 = 0, -3*t + 6 = u - 3. Suppose -68 = -6*s + t*s. What is the remainder when s is divided by 9?
8
Suppose 3*k - 15 = -2*k. Suppose 3*o = 2*o + k*m + 6, 2*o - 56 = -5*m. Calculate the remainder when (-2)/9 + 634/o is divided by 12.
11
Suppose 0 = 5*h - 10*h + 105. Let n = h - -11. Calculate the remainder when n is divided by ((-34)/(-6))/(4/12).
15
Suppose 5*s + 0*s - 410 = 0. Calculate the remainder when s is divided by 21.
19
Let o(w) = 2*w - 3. Suppose -5*m = 0, -5*h - 4*m = -2*m - 25. Calculate the remainder when 18 is divided by o(h).
4
Let v(x) = -10*x - 2. Let q be v(6). Suppose -3*y = n - 1, -4*y + y - 2*n - 4 = 0. What is the remainder when y/(-3) + q/(-3) is divided by 7?
6
Suppose z = -z - 38. Let c = -3 - z. Let l(m) = -m**3 - m + 1. What is the remainder when l(-3) is divided by c?
15
Suppose o = 4*s - 34, 0 = 4*o + 5*s - 2*s + 231. Calculate the remainder when 33 is divided by (4/6)/((-2)/o).
15
Let o(x) = -4*x**2 + 6*x**2 + 12*x**2 + 42*x**2. What is the remainder when o(-1) is divided by 29?
27
Let o(g) = -2*g**3 + g**2 - g - 2. Let y be o(2). Let t = 15 - y. Calculate the remainder when t is divided by 11.
9
Let x = -4 + -12. Suppose 3*d - 175 = 5*a + 4*d, 2*a + 2*d = -70. Let g = x - a. What is the remainder when g is divided by 10?
9
Let b = 84 - 37. What is the remainder when b is divided by 6?
5
Let i = -2 - 1. What is the remainder when 70 is divided by -7*((-6)/14 + i)?
22
Let a = 45 - 30. What is the remainder when a is divided by 7?
1
Let o be (-164)/16 + (-1)/(-4). Let h be 15/3*4/o. Calculate the remainder when 11 is divided by h/(1*(-3)/6).
3
Suppose -f + 4 = 3*z, 0*f + f - 5*z = 20. Suppose 18*h - 23*h = -f. Calculate the remainder when 3 is divided by h.
1
Suppose 0 = w + 5*m + 5 + 44, 0 = 5*w - 3*m + 161. Let v = -24 - w. Calculate the remainder when 13 + 7 + 1 - (-1 - -3) is divided by v.
9
Let k be (-2)/2*(2 + -1). Calculate the remainder when 1 is divided by k - (-1 + 1/(-1)).
0
Let t be (0 - 1)/(1/(-7)). Let z = t - 145. Calculate the remainder when (-3)/12 + z/(-8) is divided by 6.
5
Suppose -3*h - 2*h = 2*x - 67, x - h - 51 = 0. What is the remainder when x is divided by 7?
4
Let y = -6 + 6. Let j(g) = -g + 1. What is the remainder when j(y) is divided by 1?
0
Suppose q = -q - 24. What is the remainder when 28 is divided by -2 + 3 + -3 - q?
8
Let b(g) = -2*g - 8. What is the remainder when 127 is divided by b(-17)?
23
Suppose -791 - 211 = -6*v. What is the remainder when v is divided by 34?
31
Suppose -128 = -4*o - z, -o - 2*z + 22 = -17. Let y = o - 22. Calculate the remainder when 17 is divided by y.
8
Suppose -5*i + 22 + 3 = 0. Let x = i + -3. Let j(l) = l**2 + 4*l + 3. What is the remainder when j(-4) is divided by x?
1
Let r(s) = -s**2 - 7*s + 2. Suppose f + 11 = 4*w, f + 2 = w - 0. Suppose 0 = -2*n - 17 + w. What is the remainder when 6 is divided by r(n)?
0
Let b = -34 + 51. What is the remainder when 30 is divided by b?
13
Suppose 0 = -4*i + 3*b - 3, 4*i + 13 = -2*b + 7*b. What is the remainder when i is divided by 2?
1
Calculate the remainder when 60 is divided by (-23)/(-1) - (-4 - (-10 - -4)).
18
Let t = 29 + -5. Calculate the remainder when (-2)/(2/47*-1) is divided by t.
23
Calculate the remainder when (-8)/14 - -914*(-9)/(-63) is divided by 19.
16
Calculate the remainder when 74 is divided by 119/28 + -4 + (-59)/(-4).
14
Suppose -c - 27 = -5*m - 5*c, -2*m + 8 = 3*c. Let z(v) = -v + 26. Calculate the remainder when z(0) is divided by m.
5
What is the remainder when -22*(4 + 45/(-10)) is divided by 4?
3
Let i be 1/(4/(-60) + 0). Calculate the remainder when 21 is divided by (i/(-25))/((-2)/(-20)).
3
Let v be 0/(2 + -1 - -1). Let g = -42 + 63. What is the remainder when g is divided by (v - -2)*(-22)/(-4)?
10
Suppose -2*m + m + 8 = 0. Suppose -5*n + 10 = 15. Calculate the remainder when (-468)/(-15) + n/5 is divided by m.
7
Suppose 4*t = t + 399. What is the remainder when t is divided by 27?
25
Suppose -3*f = 4 - 16. What is the remainder when 5 is divided by f?
1
Suppose 129 = f + 4*r, 2*f - 170 = -4*r + 108. What is the remainder when f is divided by 8?
5
Let b(n) = n**2 + 7*n - 6. Let m be b(-7). Let i = m - -4. Calculate the remainder when 23 is divided by (-1)/i + 30/4.
7
Suppose -5*f = -2*n + 157, 9*n - 4*n = f + 13. Let c = -16 - f. What is the remainder when 50 is divided by c?
16
Suppose -3*j + j + 2 = g, 3*g = -5*j + 2. Let l = g + 11. What is the remainder when 9 is divided by l?
4
Let o(a) = 2*a + 25. Let i be o(0). Let t = i + -16. Calculate the remainder when 15 is divided by t.
6
Let i = 4 - 7. Let b = i - -18. Calculate the remainder when 73 is divided by b.
13
Let m(y) = -y + 5. Let d be m(3). Suppose 2*q = -3*q + 105. Calculate the remainder when q is divided by 9/18 - (-21)/d.
10
Let l = 145 + -41. Suppose 4*m - l = -0*m. What is the remainder when m is divided by 7?
5
Suppose 0 = -2*m + i + 3, i - 4 = -2*m + 5. Suppose m*o + 2*o - 4*v = 218, o + 5*v - 61 = 0. What is the remainder when o is divided by 16?
14
Let j(c) = c**2 - 2*c. Let v be j(3). Suppose 3*k + 4*x - 20 = -0*x, -2*k + 36 = -v*x. Calculate the remainder when 35 is divided by k.
11
Suppose 0 = z + 4*z. Suppose 3*o + 5 = 3*x + 2*x, -x + 4 = z. What is the remainder 